73, 819037
What are the prime factors of 2059751877?
3, 2579, 266221
List the prime factors of 31405360.
2, 5, 7, 56081
What are the prime factors of 561286285?
5, 7, 16036751
What are the prime factors of 1921547366?
2, 17, 29, 257, 7583
List the prime factors of 36046506.
2, 3, 631, 9521
List the prime factors of 173801252.
2, 31, 1401623
What are the prime factors of 174874650?
2, 3, 5, 1165831
List the prime factors of 9017654.
2, 479, 9413
What are the prime factors of 1301179710?
2, 3, 5, 173, 250709
List the prime factors of 438286186.
2, 13, 19, 43, 47, 439
List the prime factors of 521997047.
11, 13, 3650329
What are the prime factors of 42369585?
3, 5, 971, 2909
What are the prime factors of 4806317655?
3, 5, 31, 127607
List the prime factors of 207640178.
2, 73, 1422193
List the prime factors of 630573943.
37, 17042539
What are the prime factors of 120720330?
2, 3, 5, 23, 29, 2011
What are the prime factors of 488936587?
67, 7297561
List the prime factors of 2292812633.
37, 223, 277883
What are the prime factors of 200134233?
3, 13, 31, 6131
What are the prime factors of 441085117?
11, 40098647
List the prime factors of 65192828.
2, 163, 99989
What are the prime factors of 22662145?
5, 11, 412039
List the prime factors of 235978943.
235978943
What are the prime factors of 513989373?
3, 17, 107, 131, 719
List the prime factors of 150582148.
2, 37645537
What are the prime factors of 2312825821?
43, 53786647
What are the prime factors of 4219211178?
2, 3, 7, 13, 2575831
List the prime factors of 758980201.
7, 3253, 33331
List the prime factors of 50016805.
5, 17, 588433
List the prime factors of 52956201.
3, 167, 105701
What are the prime factors of 255075675?
3, 5, 3401009
List the prime factors of 10390206.
2, 3, 1731701
List the prime factors of 59702281.
2791, 21391
What are the prime factors of 2713970866?
2, 7583, 178951
What are the prime factors of 175524776?
2, 7, 23, 136277
List the prime factors of 126018645.
3, 5, 8401243
What are the prime factors of 249598546?
2, 31, 4025783
What are the prime factors of 328558489?
7, 46936927
List the prime factors of 2000474038.
2, 1000237019
List the prime factors of 110572970.
2, 5, 19, 31, 18773
What are the prime factors of 1710555023?
1710555023
List the prime factors of 143380947.
3, 47793649
List the prime factors of 59185324.
2, 11, 31, 43391
List the prime factors of 68348075.
5, 17, 73, 2203
List the prime factors of 223521098.
2, 31, 383, 9413
List the prime factors of 1484432102.
2, 4643, 159857
List the prime factors of 4735144459.
61, 179, 433661
List the prime factors of 55469127.
3, 7, 401, 941
What are the prime factors of 156492415?
5, 31298483
What are the prime factors of 1464528?
2, 3, 13, 2347
What are the prime factors of 1161463992?
2, 3, 13, 233, 1229
What are the prime factors of 1192924007?
11, 199, 544963
List the prime factors of 170523858.
2, 3, 701, 40543
What are the prime factors of 36337691?
13, 277, 10091
List the prime factors of 521329071.
3, 173776357
List the prime factors of 212238808.
2, 37, 19379
List the prime factors of 332046306.
2, 3, 1279, 14423
What are the prime factors of 76112876?
2, 7, 17, 53, 431
What are the prime factors of 510151293?
3, 23, 89, 27691
What are the prime factors of 44502268?
2, 37, 300691
What are the prime factors of 2535764899?
251, 1013, 9973
What are the prime factors of 85427491?
85427491
What are the prime factors of 1201624?
2, 150203
List the prime factors of 1232511595.
5, 7, 137, 401, 641
List the prime factors of 1644301769.
11, 29, 5154551
What are the prime factors of 96276765?
3, 5, 13, 163, 233
List the prime factors of 393601629.
3, 17, 7717679
List the prime factors of 158413626.
2, 3, 7, 1257251
List the prime factors of 246118962.
2, 3, 17, 53, 859
What are the prime factors of 1521912007?
7, 11, 19765091
List the prime factors of 3485957084.
2, 941, 926131
List the prime factors of 451393605.
3, 5, 13, 17, 45389
What are the prime factors of 222049270?
2, 5, 271, 81937
List the prime factors of 331237874.
2, 11, 557, 27031
List the prime factors of 5440205977.
5440205977
List the prime factors of 102593805.
3, 5, 6839587
List the prime factors of 499775330.
2, 5, 79, 632627
List the prime factors of 1811753868.
2, 3, 1123, 134443
What are the prime factors of 557120184?
2, 3, 23213341
What are the prime factors of 71903630?
2, 5, 7190363
What are the prime factors of 392571540?
2, 3, 5, 19, 79, 1453
List the prime factors of 4014454.
2, 2007227
List the prime factors of 314765780.
2, 5, 7, 19, 73, 1621
List the prime factors of 67339446.
2, 3, 23, 313, 1559
List the prime factors of 109009301.
109009301
List the prime factors of 141101191.
7, 11, 47, 127, 307
List the prime factors of 4027160529.
3, 7, 63923183
List the prime factors of 1527760476.
2, 3, 11, 31, 97, 1283
What are the prime factors of 37120037?
37120037
What are the prime factors of 75130416?
2, 3, 29, 1999
What are the prime factors of 78795338?
2, 193, 204133
List the prime factors of 999123330.
2, 3, 5, 883, 37717
List the prime factors of 170041408.
2, 179, 14843
List the prime factors of 4383384843.
3, 131, 11153651
What are the prime factors of 520079024?
2, 32504939
List the prime factors of 253215124.
2, 29, 37, 58997
What are the prime factors of 40290710?
2, 5, 23, 283, 619
List the prime factors of 7747862592.
2, 3, 73, 552787
List the prime factors of 493509138.
2, 3, 82251523
List the prime factors of 476059570.
2, 5, 7, 547, 12433
What are the prime factors of 367603084?
2, 31, 241, 12301
What are the prime factors of 70175693?
7, 751, 1907
List the prime factors of 65517418.
2, 587, 55807
List the prime factors of 7356791.
13, 565907
List the prime factors of 87029333.
87029333
What are the prime factors of 90088257?
3, 7, 4289917
What are the prime factors of 268457965?
5, 17, 59, 199, 269
List the prime factors of 34179866.
2, 7, 107, 22817
What are the prime factors of 2570974339?
23, 111781493
List the prime factors of 68284220.
2, 5, 3414211
What are the prime factors of 64584337?
64584337
What are the prime factors of 6752057466?
2, 3, 7, 11, 2161, 6763
What are the prime factors of 231940141?
89, 2606069
What are the prime factors of 1044705902?
2, 522352951
List the prime factors of 50585690.
2, 5, 5058569
What are the prime factors of 10071956?
2, 17, 73, 2029
What are the prime factors of 904864902?
2, 3, 29, 113, 46021
What are the prime factors of 193872737?
239, 811183
List the prime factors of 1197241339.
7, 193, 886189
What are the prime factors of 1778897059?
19, 547, 171163
What are the prime factors of 51440468?
2, 12860117
List the prime factors of 70882985.
5, 67, 457, 463
List the prime factors of 2855873927.
2855873927
List the prime factors of 49141479.
3, 31, 528403
What are the prime factors of 75773470?
2, 5, 379, 19993
What are the prime factors of 2957524544?
2, 13, 17, 211, 991
What are the prime factors of 2122077909?
3, 7, 19, 37, 143743
List the prime factors of 2414010461.
263, 9178747
What are the prime factors of 83592375?
3, 5, 222913
List the prime factors of 2038794428.
2, 11, 17, 23, 6971
What are the prime factors of 9063583?
41, 43, 53, 97
List the prime factors of 105008012.
2, 757, 34679
List the prime factors of 195360494.
2, 7, 13954321
List the prime factors of 316135648.
2, 9879239
List the prime factors of 2046269649.
3, 131, 5206793
List the prime factors of 1707543026.
2, 7, 29, 457, 9203
List the prime factors of 159049316.
2, 47, 397, 2131
List the prime factors of 3857936.
2, 41, 5881
What are the prime factors of 168008880?
2, 3, 5, 13, 53849
List the prime factors of 74496953.
3253, 22901
What are the prime factors of 34136193?
3, 7, 13, 17863
What are the prime factors of 93710953?
7, 17, 41, 19207
What are the prime factors of 1188874198?
2, 29, 20497831
List the prime factors of 10526839.
59, 67, 2663
List the prime factors of 704536046.
2, 23, 41, 373561
List the prime factors of 28329635.
5, 103, 55009
What are the prime factors of 178589569?
19, 29, 324119
List the prime factors of 6323074701.
3, 2107691567
List the prime factors of 2275709838.
2, 3, 19, 23, 41, 21169
List the prime factors of 1451752518.
2, 3, 41, 5901433
List the prime factors of 382